te the highest common divisor of 105 and 147.
21
Calculate the highest common divisor of 224 and 128.
32
Calculate the highest common divisor of 732 and 24.
12
What is the highest common factor of 44 and 242?
22
What is the greatest common divisor of 380 and 1045?
95
Calculate the greatest common factor of 148 and 37.
37
What is the greatest common divisor of 8664 and 24?
24
What is the highest common divisor of 4189 and 118?
59
What is the highest common factor of 19 and 361?
19
What is the greatest common factor of 318 and 159?
159
What is the highest common divisor of 988 and 26?
26
Calculate the highest common divisor of 29 and 319.
29
What is the highest common divisor of 16 and 136?
8
Calculate the greatest common divisor of 1088 and 17.
17
Calculate the greatest common divisor of 832 and 320.
64
What is the greatest common divisor of 4167 and 9?
9
Calculate the highest common factor of 47 and 1.
1
What is the highest common divisor of 13 and 32799?
13
What is the greatest common factor of 19 and 7?
1
Calculate the greatest common factor of 986 and 34.
34
What is the greatest common divisor of 7008 and 96?
96
Calculate the greatest common factor of 5 and 65.
5
Calculate the greatest common divisor of 924 and 5412.
132
What is the greatest common divisor of 70 and 1400?
70
What is the highest common divisor of 306 and 68?
34
Calculate the greatest common factor of 517 and 188.
47
Calculate the greatest common divisor of 166 and 12035.
83
What is the highest common factor of 1450 and 250?
50
What is the greatest common divisor of 208 and 26?
26
Calculate the greatest common divisor of 32 and 3424.
32
What is the highest common factor of 138 and 1104?
138
Calculate the highest common factor of 4548 and 144.
12
What is the greatest common divisor of 3904 and 64?
64
What is the greatest common divisor of 80 and 176?
16
Calculate the greatest common factor of 4572 and 27.
9
What is the highest common factor of 210 and 9051?
21
What is the greatest common divisor of 3432 and 468?
156
What is the greatest common divisor of 697 and 136?
17
Calculate the highest common factor of 152 and 64.
8
What is the greatest common divisor of 1257 and 3?
3
What is the greatest common factor of 15 and 6645?
15
Calculate the greatest common divisor of 20 and 5520.
20
What is the highest common divisor of 462 and 28?
14
What is the highest common divisor of 6 and 2838?
6
Calculate the highest common divisor of 432 and 10152.
216
Calculate the greatest common divisor of 40 and 6680.
40
What is the highest common divisor of 53297 and 223?
223
What is the greatest common factor of 4180 and 220?
220
What is the highest common factor of 11 and 88?
11
Calculate the greatest common divisor of 112 and 3668.
28
What is the highest common divisor of 69 and 1173?
69
What is the highest common factor of 9898 and 404?
202
Calculate the greatest common divisor of 102 and 12.
6
Calculate the highest common factor of 555 and 15.
15
Calculate the highest common divisor of 25 and 925.
25
Calculate the highest common divisor of 584 and 219.
73
What is the greatest common divisor of 266 and 171?
19
What is the greatest common factor of 185 and 3404?
37
What is the highest common divisor of 42 and 154?
14
What is the highest common divisor of 608 and 38?
38
What is the greatest common divisor of 486 and 4?
2
Calculate the highest common factor of 18 and 747.
9
Calculate the greatest common factor of 4332 and 570.
114
Calculate the highest common divisor of 160 and 1824.
32
Calculate the greatest common factor of 32 and 416.
32
Calculate the greatest common divisor of 175 and 805.
35
What is the highest common factor of 17 and 5831?
17
What is the highest common factor of 4572 and 9?
9
Calculate the highest common divisor of 452 and 20.
4
Calculate the highest common factor of 602 and 172.
86
Calculate the highest common divisor of 477 and 9.
9
What is the highest common factor of 550 and 5?
5
Calculate the greatest common factor of 21 and 30.
3
What is the greatest common factor of 109 and 327?
109
What is the highest common divisor of 1 and 504?
1
Calculate the highest common factor of 312 and 32.
8
Calculate the greatest common factor of 310 and 62.
62
What is the highest common divisor of 70 and 392?
14
What is the highest common factor of 210 and 770?
70
What is the greatest common divisor of 473 and 344?
43
Calculate the greatest common divisor of 72 and 13428.
36
What is the greatest common divisor of 165 and 99?
33
What is the greatest common factor of 1855 and 70?
35
Calculate the highest common divisor of 1633 and 184.
23
Calculate the highest common divisor of 1160 and 80.
40
Calculate the greatest common factor of 175 and 75.
25
What is the greatest common divisor of 611 and 13?
13
Calculate the greatest common divisor of 920 and 138.
46
What is the highest common factor of 30 and 1670?
10
Calculate the greatest common divisor of 8748 and 405.
81
Calculate the highest common factor of 798 and 84.
42
Calculate the highest common divisor of 899 and 116.
29
What is the highest common factor of 448 and 49?
7
What is the highest common factor of 35 and 63?
7
What is the highest common divisor of 84 and 126?
42
What is the greatest common divisor of 319 and 29?
29
What is the greatest common divisor of 1936 and 132?
44
Calculate the highest common factor of 270 and 330.
30
What is the highest common factor of 43 and 28208?
43
Calculate the highest common divisor of 875 and 200.
25
Calculate the greatest common factor of 1036 and 154.
14
Calculate the highest common divisor of 3336 and 24.
24
Calculate the greatest common divisor of 24 and 102.
6
Calculate the highest common divisor of 8 and 1152.
8
What is the highest common divisor of 60 and 405?
15
What is the greatest common divisor of 169 and 299?
13
What is the greatest common factor of 34 and 26146?
34
Calculate the greatest common divisor of 62 and 558.
62
Calculate the greatest common factor of 9 and 57087.
9
Calculate the highest common divisor of 72 and 88.
8
Calculate the greatest common factor of 18 and 4.
2
What is the greatest common divisor of 90 and 9495?
45
Calculate the highest common factor of 222 and 26566.
74
What is the greatest common factor of 868 and 140?
28
What is the highest common factor of 209 and 57?
19
What is the highest common divisor of 2790 and 9?
9
What is the highest common divisor of 12 and 10242?
6
What is the greatest common factor of 767 and 59?
59
What is the greatest common divisor of 1155 and 63?
21
What is the greatest common factor of 10 and 1840?
10
Calculate the highest common factor of 1265 and 23.
23
What is the highest common divisor of 360 and 160?
40
Calculate the greatest common divisor of 4 and 28.
4
Calculate the highest common divisor of 6 and 111.
3
Calculate the highest common divisor of 85 and 646.
17
What is the highest common factor of 494 and 39?
13
Calculate the greatest common divisor of 310 and 85.
5
What is the highest common factor of 90 and 120?
30
Calculate the highest common divisor of 45 and 9.
9
Calculate the greatest common factor of 3 and 2316.
3
Calculate the greatest common factor of 567 and 135.
27
Calculate the highest common factor of 125 and 275.
25
What is the highest common divisor of 480 and 168?
24
What is the greatest common factor of 481 and 37?
37
Calculate the highest common divisor of 440 and 550.
110
Calculate the greatest common divisor of 780 and 15.
15
Calculate the greatest common divisor of 243 and 117.
9
Calculate the highest common divisor of 41 and 58466.
41
What is the greatest common factor of 1435 and 820?
205
Calculate the highest common divisor of 148 and 222.
74
Calculate the highest common factor of 81 and 93.
3
Calculate the greatest common factor of 22 and 5401.
11
What is the highest common factor of 14 and 12040?
14
What is the greatest common divisor of 58 and 4?
2
Calculate the highest common divisor of 64 and 3296.
32
What is the highest common divisor of 17 and 22627?
17
Calculate the highest common factor of 3 and 1803.
3
Calculate the greatest common factor of 82 and 6478.
82
Calculate the greatest common divisor of 520 and 585.
65
Calculate the greatest common divisor of 77 and 583.
11
What is the highest c